f y?
2, 5, 7
Let v(o) = 608*o**2 - o + 115. List the prime factors of v(-8).
5, 37, 211
Suppose 27*o - 26*o - 2 = 0, 5*d + o - 1252 = 0. Let r = -105 + d. List the prime factors of r.
5, 29
Suppose 0 = 10*m - 6*m - z - 437, -z - 547 = -5*m. Suppose 105*x + 110 = m*x. What are the prime factors of x?
2, 11
Suppose -3*f = -3, 317 = -3*s - 0*f - 4*f. Let z = 128 + s. What are the prime factors of z?
3, 7
Suppose -227072 = -3*w - a, 15*a + 20 = 19*a. What are the prime factors of w?
75689
Let c = -2369 + 44535. List the prime factors of c.
2, 29, 727
Suppose -870 - 2210 = -4*r. What are the prime factors of r/3 - 4*10/(-120)?
257
Let j be 2*(1 - (-106)/(-4))/1. List the prime factors of ((-123)/18)/(j/(-18) - 3).
41
Suppose -7*k + 8 = -12*k - j, 8 = -2*k - 2*j. What are the prime factors of 14/(-28)*(k - -135)*-1?
67
Let x = -6089 - -16964. What are the prime factors of x?
3, 5, 29
Suppose 2*f = -5*n + 20732, 23*f - 19*f - 41408 = 4*n. List the prime factors of f.
2, 3, 863
Let s = -15032 - -16653. What are the prime factors of s?
1621
Suppose 55 + 177 = -4*a. What are the prime factors of (24/(-5))/(a/1015)?
2, 3, 7
Let w be -19 - 1170/(-63) - 1711/(-7). Let p = -131 - -75. Let z = w + p. List the prime factors of z.
2, 47
Let c(h) = 148*h**2 + 1199*h - 31. List the prime factors of c(-14).
73, 167
Let a = 48 + -41. Suppose -a*y + 3*y + 720 = 0. List the prime factors of 4/(3 + (-536)/y + 0).
2, 3, 5
Let l be (-751)/(-9) - (-168)/(-378). Let j = -1 + 4. List the prime factors of 1/(250/l - j).
83
Suppose -4*o = -p + 4, -2*o = 3*p - 5*o + 15. Let r(a) be the second derivative of -a**4/12 - 5*a**3/2 + 2*a**2 - 33*a. What are the prime factors of r(p)?
2, 3, 5
Let j = 4012 - -3634. What are the prime factors of j?
2, 3823
Let i be 12/(-20) - (-189)/(-35). List the prime factors of (-124610)/(-110) - (i/(-11))/(-3).
11, 103
Suppose -5*k + 70 = -10. Let h be (-4)/6 + k/24. Let w(b) = -2*b + 58. List the prime factors of w(h).
2, 29
Let z be -3*(0 + 16/(-4)). Let t = z - -2. What are the prime factors of ((-657)/63 - -7)*-1*t?
2, 3
Suppose 6201*t + 112325 = 3*x + 6203*t, 4*x = t + 149796. List the prime factors of x.
37447
Let f(i) = i**2 - 19*i - 15. Let y be f(20). Suppose 0 = 5*u, 1296 = y*x + u - 2424. List the prime factors of x.
2, 3, 31
Let i(b) = -638*b + 179. Let w be i(-8). Suppose -1203 - w = -23*l. List the prime factors of l.
2, 3, 47
Let s be (-1)/(-2 + (-28)/(-16)). Suppose -s*y = -2*y - 8. Suppose -y*d + 114 = 3*z - 91, -4*z - 5*d + 273 = 0. What are the prime factors of z?
67
Let j(g) be the third derivative of g**6/60 - 7*g**5/60 - g**4/6 + 2*g**3 - 2*g**2. Let k be j(9). Suppose -7*h - 265 = -k. List the prime factors of h.
2, 43
Let a be -4*16 + (4/1)/(-1). Let g = 143 + a. List the prime factors of (g + 1 + 3)*1.
79
Let n = 49 + -49. Let o be (n*(-4)/(-12))/(-2). Suppose -5*d + 2*d + 429 = o. What are the prime factors of d?
11, 13
Let r be (-14)/63 + (-16)/9 + -12. List the prime factors of 2/r + (-1272)/(-84).
3, 5
Suppose 5*g - 2*u - 868 = 0, 4*g - 698 = -0*g - 2*u. Let w = g - 302. Let y = 226 + w. What are the prime factors of y?
2, 7
Suppose -4*x = 4*r - 0*x - 28, 4*x = -r + 19. Suppose -4*w + 2*a + 74 = 0, 0 = -r*w + 5*a + 12 + 26. List the prime factors of w.
3, 7
Let c = 15882 - 4756. What are the prime factors of c?
2, 5563
Suppose 19*p = 2586 + 7465. Let i = p - -42. List the prime factors of i.
571
Suppose -5*l + 38 = 23. Suppose l*o - 6 = 0, h - 3*o - 145 - 121 = 0. What are the prime factors of h?
2, 17
Suppose -7*y - 2*i = -8*y + 1588, -3182 = -2*y + i. Let s = y - 156. What are the prime factors of s?
2, 359
Let u(y) = -78*y**2 - 31*y + 125. Let v be u(5). Let d = 3123 + v. What are the prime factors of d?
3, 127
Suppose -21*m + 53010 = -36*m + 21*m. List the prime factors of m.
3, 5, 19, 31
Let n = -30 + 32. Suppose -5 - 1 = n*g, 4*t - 4*g + 184 = 0. Let q = 80 + t. What are the prime factors of q?
31
Let k(d) = 3*d**2 + 21*d + 20. Let r be k(-6). Suppose -1804 = -3*i + r*g, -4*i + 3*i + 604 = -2*g. What are the prime factors of i?
2, 3, 5
Suppose 17 = -4*l + 5*c, -l - 2*c + 20 = 8. Let k be (l + 1 + -3)/(-2). List the prime factors of k - (5 + 4)/(-3).
3
Let j(b) = 29*b**3 - b**2 + 13*b + 6. Let n be j(-4). List the prime factors of n/(-4) + 4/64*8.
2, 3, 5
Suppose 39*a = 11*a + 84. Suppose -a*p - 4 = -4*p, h - 5*p + 7 = 0. What are the prime factors of h?
13
Let t(z) = -z**3 - 3*z**2 - z + 2. Let h be t(-3). Suppose h*k = 160 + 615. Suppose 86 = 3*w + 5*j, 5*w - 4*j - 50 - k = 0. What are the prime factors of w?
37
Let p be 1/(3/34) - (-72)/(-54). Let m(s) = 6*s**2 + 4*s - 19. List the prime factors of m(p).
3, 23
Let t = -98 + 197. Suppose 0 = -8*b - b + t. Let n(w) = -w + 15. What are the prime factors of n(b)?
2
Suppose -3*d + 8*d + 5 = 0, -5*h + 2*d - 8 = 0. List the prime factors of (-316*7)/h + -8.
2, 3, 61
Let r = -176 + 172. What are the prime factors of r + (2 - -5) + 48?
3, 17
Let x be 5*(-9)/((-270)/(-12)) + 4. Suppose d = -2*i + 556, -d - 834 = -i - x*i. What are the prime factors of i?
2, 139
Suppose -11157 = -2086*w + 2085*w. List the prime factors of w.
3, 3719
Let n be (-12)/(-4 + 0) - (-1 + 1). Let x(z) = n + 29*z - 8 - 5*z + 2*z. What are the prime factors of x(3)?
73
Suppose 3488 = 43*s - 51*s. Let c = s - -890. List the prime factors of c.
2, 227
Let w be (-4 - -11) + (3 - 10). Let k(n) = -17*n + 470. What are the prime factors of k(w)?
2, 5, 47
Suppose -11*b = 25*b - 20484. Let a = 956 - b. List the prime factors of a.
3, 43
Suppose 0 = -95*x - 1081961 + 3577136. What are the prime factors of x?
3, 5, 17, 103
Let c be -16 - (0/3 + 2). Let k be (-24)/c - 4/(-6). Suppose 0 = -r - 4*r + k*m + 467, m = -3*r + 278. What are the prime factors of r?
3, 31
Let c = -245 - 122. Let o = -534 - c. Let p = -81 - o. What are the prime factors of p?
2, 43
Let q = 222 - -68. Suppose -12*d + 7*d = -q. Let p = 68 + d. List the prime factors of p.
2, 3, 7
Let c(x) = 8*x**2 - 6*x - 3. Suppose 0 - 28 = 4*l. Let m be (-26)/l + 4/14. List the prime factors of c(m).
101
Let a = 55 - 47. Let u(k) = k**2 - 10*k + 16. Let d be u(a). What are the prime factors of (1/3)/(6/1494 + d)?
83
Let p(a) = a + 10 - 7*a**3 + 6*a**3 + 13*a. Let k be p(-6). Let y = k - 57. List the prime factors of y.
5, 17
Suppose -9*r + 10*r = -5*g - 76, -4*g - 65 = 5*r. What are the prime factors of 16422/35 - 12/g?
2, 5, 47
Suppose -4*l - 8 = y, 2*y + 2*l - 5 = l. Suppose 1306 = 2*s + 2*i, 0 = y*s - 2*i + 1417 - 4047. What are the prime factors of s?
2, 41
Suppose -3*k - 5*t = -831 - 90, -k + 5*t + 327 = 0. Let o = 388 - k. List the prime factors of o.
2, 19
What are the prime factors of 47 + 6*((-56)/12 + 6)?
5, 11
Suppose -4117966 - 1409393 = -81*h. List the prime factors of h.
68239
Suppose 9*c - 42496 = 4952. What are the prime factors of c?
2, 659
Suppose n - 2 = 0, 16*n = 2*b + 17*n - 48638. What are the prime factors of b?
2, 3, 7, 193
Let r = 365 - -81. Suppose 3*k - 5*k - r = 0. Let i = -114 - k. What are the prime factors of i?
109
Suppose 10*t = 8*t + 266. Let c = t + 147. Let a = c + -196. List the prime factors of a.
2, 3, 7
Let w be ((-9)/6)/((-3)/8). Suppose -5*m = 10, -w*a + a + 1075 = -5*m. What are the prime factors of a?
5, 71
Let a(z) = 16 + 9 - 10*z + 4*z**2 + 14*z + 36*z. What are the prime factors of a(-13)?
181
Let i(a) = -3*a**2 - 6*a - 7. Let c be i(-5). Let p be 494/14 + c/182. Let o = p + 11. List the prime factors of o.
2, 23
Suppose -5*c - 3*h + 22 = 0, -12*c - h = -7*c - 14. List the prime factors of c/4*-3*5356/(-6).
13, 103
Let q(x) = x**2 + x - 57. Let i be q(-9). Suppose 0 = -20*v + i*v - 525. Let h = -84 - v. What are the prime factors of h?
3, 7
Let f be 30/(-5) + -5 - 6. List the prime factors of 20 + f + 6*3.
3, 7
Let d = 80 - -29. Let b = -67 + d. What are the prime factors of b?
2, 3, 7
Let u(m) = 25333*m + 2457. List the prime factors of u(2).
7, 7589
Suppose 0 = -3*l + 4*p + 165158, 20*l + 3*p = 17*l + 165186. What are the prime factors of l?
2, 27529
What are the prime factors of (-20)/(12/(-144)*3*(-16)/(-4174))?
2, 5, 2087
Let v = -4584 - -6763. List the prime factors of v.
2179
Let w(r) = 51*r**2 - 9*r + 29. Suppose 1499*u - 1504*u = -20. What are the prime factors of w(u)?
809
Suppose -3*d = -